e thousands digit of 5355?
5
What is the tens digit of 82?
8
What is the units digit of 4179?
9
What is the hundreds digit of 24666?
6
What is the units digit of 48?
8
What is the tens digit of 23593?
9
What is the thousands digit of 1174?
1
What is the hundreds digit of 4864?
8
What is the hundreds digit of 2027?
0
What is the thousands digit of 4183?
4
What is the units digit of 311?
1
What is the units digit of 26236?
6
What is the tens digit of 13379?
7
What is the thousands digit of 66842?
6
What is the hundreds digit of 1988?
9
What is the ten thousands digit of 39855?
3
What is the ten thousands digit of 27712?
2
What is the tens digit of 62658?
5
What is the tens digit of 163?
6
What is the units digit of 670?
0
What is the units digit of 4220?
0
What is the hundreds digit of 4309?
3
What is the tens digit of 70200?
0
What is the tens digit of 174?
7
What is the tens digit of 152?
5
What is the hundreds digit of 648?
6
What is the thousands digit of 4311?
4
What is the hundreds digit of 50078?
0
What is the ten thousands digit of 29531?
2
What is the units digit of 1151?
1
What is the tens digit of 16536?
3
What is the units digit of 18209?
9
What is the hundreds digit of 334?
3
What is the tens digit of 697?
9
What is the hundreds digit of 7908?
9
What is the tens digit of 377?
7
What is the tens digit of 18652?
5
What is the tens digit of 5976?
7
What is the units digit of 38427?
7
What is the ten thousands digit of 76537?
7
What is the ten thousands digit of 26496?
2
What is the units digit of 2802?
2
What is the hundreds digit of 68716?
7
What is the units digit of 8037?
7
What is the units digit of 66?
6
What is the hundreds digit of 692?
6
What is the units digit of 263?
3
What is the tens digit of 88?
8
What is the hundreds digit of 13459?
4
What is the tens digit of 1056?
5
What is the tens digit of 1371?
7
What is the tens digit of 24036?
3
What is the hundreds digit of 9639?
6
What is the hundreds digit of 2452?
4
What is the tens digit of 225?
2
What is the ten thousands digit of 39703?
3
What is the hundreds digit of 906?
9
What is the hundreds digit of 487?
4
What is the hundreds digit of 1418?
4
What is the hundreds digit of 6190?
1
What is the tens digit of 189?
8
What is the thousands digit of 1611?
1
What is the thousands digit of 133449?
3
What is the thousands digit of 1436?
1
What is the units digit of 168983?
3
What is the units digit of 34?
4
What is the units digit of 103244?
4
What is the units digit of 5299?
9
What is the thousands digit of 1948?
1
What is the ten thousands digit of 90399?
9
What is the thousands digit of 4253?
4
What is the hundreds digit of 11051?
0
What is the ten thousands digit of 96269?
9
What is the units digit of 19057?
7
What is the tens digit of 903?
0
What is the thousands digit of 21152?
1
What is the units digit of 49481?
1
What is the units digit of 93?
3
What is the thousands digit of 2173?
2
What is the tens digit of 689?
8
What is the tens digit of 26744?
4
What is the hundreds digit of 49673?
6
What is the units digit of 8001?
1
What is the hundreds digit of 11608?
6
What is the thousands digit of 4047?
4
What is the tens digit of 507?
0
What is the units digit of 41292?
2
What is the units digit of 2649?
9
What is the hundreds digit of 9043?
0
What is the tens digit of 77339?
3
What is the hundreds digit of 36136?
1
What is the thousands digit of 10902?
0
What is the units digit of 27765?
5
What is the ten thousands digit of 45424?
4
What is the hundreds digit of 5552?
5
What is the units digit of 2620?
0
What is the units digit of 483?
3
What is the tens digit of 686?
8
What is the hundreds digit of 30540?
5
What is the tens digit of 326?
2
What is the ten thousands digit of 38009?
3
What is the tens digit of 1875?
7
What is the hundreds digit of 1817?
8
What is the units digit of 266?
6
What is the hundreds digit of 3154?
1
What is the hundreds digit of 1285?
2
What is the hundreds digit of 112?
1
What is the thousands digit of 1264?
1
What is the ten thousands digit of 13883?
1
What is the units digit of 2402?
2
What is the units digit of 64907?
7
What is the thousands digit of 5775?
5
What is the hundreds digit of 1736?
7
What is the tens digit of 1000?
0
What is the tens digit of 1123?
2
What is the hundreds digit of 281?
2
What is the tens digit of 6399?
9
What is the tens digit of 1248?
4
What is the units digit of 74970?
0
What is the units digit of 386?
6
What is the tens digit of 15316?
1
What is the ten thousands digit of 13988?
1
What is the thousands digit of 28984?
8
What is the tens digit of 185?
8
What is the units digit of 1296?
6
What is the thousands digit of 4609?
4
What is the hundreds digit of 336?
3
What is the ten thousands digit of 22438?
2
What is the ten thousands digit of 15740?
1
What is the thousands digit of 10341?
0
What is the ten thousands digit of 46441?
4
What is the thousands digit of 5223?
5
What is the thousands digit of 17174?
7
What is the hundreds digit of 3409?
4
What is the hundreds digit of 56351?
3
What is the tens digit of 884?
8
What is the units digit of 5692?
2
What is the units digit of 841?
1
What is the thousands digit of 9665?
9
What is the hundreds digit of 6706?
7
What is the tens digit of 86?
8
What is the tens digit of 56367?
6
What is the tens digit of 1493?
9
What is the units digit of 101?
1
What is the units digit of 1150?
0
What is the units digit of 17290?
0
What is the units digit of 1750?
0
What is the thousands digit of 1507?
1
What is the tens digit of 481?
8
What is the tens digit of 29965?
6
What is the tens digit of 4303?
0
What is the thousands digit of 75619?
5
What is the hundreds digit of 9779?
7
What is the thousands digit of 4455?
4
What is the thousands digit of 8876?
8
What is the units digit of 6681?
1
What is the tens digit of 111379?
7
What is the tens digit of 237?
3
What is the thousands digit of 5675?
5
What is the tens digit of 247?
4
What is the tens digit of 2115?
1
What is the units digit of 267?
7
What is the hundreds digit of 2700?
7
What is the thousands digit of 17472?
7
What is the units digit of 68714?
4
What is the hundreds digit of 39622?
6
What is the ten thousands digit of 59255?
5
What is the hundreds digit of 353?
3
What is the thousands digit of 3866?
3
What is the thousands digit of 19091?
9
What is the units digit of 1064?
4
What is the hundreds digit of 2534?
5
What is the tens digit of 2743?
4
What is the units digit of 816?
6
What is the units digit of 4016?
6
What is the hundreds digit of 45611?
6
What is the tens digit of 174509?
0
What is the tens digit of 71592?
9
What is the units digit of 6840?
0
What is the tens digit of 1224?
2
What is the units digit of 519?
9
What is the units digit of 51563?
3
What is the hundreds digit of 7776?
7
What is the units digit of 997?
7
What is the tens digit of 50660?
6
What is the hundreds digit of 5601?
6
What is the thousands digit of 48331?
8
What is the tens digit of 25?
2
What is the units digit of 1470?
0
What is the thousands digit of 24647?
4
What is the units digit of 496?
6
What is the units digit of 588?
8
What is the hundreds digit of 4722?
7
What is the tens digit of 17821?
2
What is the units digit of 6764?
4
What is the thousands digit of 10295?
0
What is the thousands digit of 32408?
2
What is the tens digit of 14222?
2
What is the hundreds digit of 1709?
7
What is the hundreds digit of 541?
5
What is the units digit of 1852?
2
What is the thousands digit of 156535?
6
What is the tens digit of 1911?
1
What is the tens digit of 2676?
7
What is the hundreds digit of 53145?
1
What is the units digit of 1240?
0
What is the thousands digit of 61618?
1
What is the tens digit of 36520?
2
What is the ten thousands digit of 10777?
1
What is the thousands digit of 1053?
1
What is the units digit of 34847?
7
What is the hundreds digit of 95598?
5
What is the hundreds digit of 701?
7
What is the units digit of 1996?
6
What is the tens digit of 851?
5
What is the thousands digit of 26584?
6
What is the units digit of 550?
0
What is the thousands digit of 46725?
6
What is the tens digit of 252?
5
What is the tens digit of 110?
1
What is the tens digit of 10287?
8
What is the ten thousands digit of 19002?
1
What is the tens 